{"id":4140,"date":"2025-06-26T13:33:46","date_gmt":"2025-06-26T16:33:46","guid":{"rendered":"https:\/\/farmacia-homologacao.saude.pe.gov.br\/?page_id=4140"},"modified":"2025-12-07T18:50:25","modified_gmt":"2025-12-07T21:50:25","slug":"diretoria_gerencia","status":"publish","type":"page","link":"https:\/\/farmacia.saude.pe.gov.br\/?page_id=4140","title":{"rendered":"Diretoria e Ger\u00eancia"},"content":{"rendered":"\t\t<div data-elementor-type=\"wp-page\" data-elementor-id=\"4140\" class=\"elementor elementor-4140\" data-elementor-post-type=\"page\">\n\t\t\t\t<div class=\"elementor-element elementor-element-93f3032 e-flex e-con-boxed e-con e-parent\" data-id=\"93f3032\" data-element_type=\"container\" data-e-type=\"container\" data-settings=\"{&quot;jet_parallax_layout_list&quot;:[]}\">\n\t\t\t\t\t<div class=\"e-con-inner\">\n\t\t\t\t<div class=\"elementor-element elementor-element-92f8162 elementor-widget elementor-widget-heading\" data-id=\"92f8162\" data-element_type=\"widget\" data-e-type=\"widget\" data-widget_type=\"heading.default\">\n\t\t\t\t<div class=\"elementor-widget-container\">\n\t\t\t\t\t<h2 class=\"elementor-heading-title elementor-size-default\">Diretoria Geral de Assist\u00eancia Farmac\u00eautica<\/h2>\t\t\t\t<\/div>\n\t\t\t\t<\/div>\n\t\t<div class=\"elementor-element elementor-element-807b929 e-con-full e-flex e-con e-child\" data-id=\"807b929\" data-element_type=\"container\" data-e-type=\"container\" data-settings=\"{&quot;jet_parallax_layout_list&quot;:[]}\">\n\t\t\t\t<div class=\"elementor-element elementor-element-18ec81e elementor-widget elementor-widget-text-editor\" data-id=\"18ec81e\" data-element_type=\"widget\" data-e-type=\"widget\" data-widget_type=\"text-editor.default\">\n\t\t\t\t<div class=\"elementor-widget-container\">\n\t\t\t\t\t\t\t\t\t<p>\u201cConjunto de a\u00e7\u00f5es e de servi\u00e7os que visem a assegurar a assist\u00eancia terap\u00eautica integral e a promo\u00e7\u00e3o, a prote\u00e7\u00e3o e a recupera\u00e7\u00e3o da sa\u00fade nos estabelecimentos p\u00fablicos e privados que desempenhem atividades farmac\u00eauticas, tendo o medicamento como insumo essencial e visando ao seu acesso e ao seu uso racional\u201d. Lei 13.021\/2014.<\/p><p><strong>Diretor:\u00a0<\/strong>Jean Batista de S\u00e1<br \/><strong>Secret\u00e1ria:<\/strong>\u00a0Danielle Cruz<br \/><strong>Telefone:<\/strong>\u00a03181-6411<\/p>\t\t\t\t\t\t\t\t<\/div>\n\t\t\t\t<\/div>\n\t\t\t\t<\/div>\n\t\t\t\t<div class=\"elementor-element elementor-element-5404b99 elementor-widget elementor-widget-heading\" data-id=\"5404b99\" data-element_type=\"widget\" data-e-type=\"widget\" data-widget_type=\"heading.default\">\n\t\t\t\t<div class=\"elementor-widget-container\">\n\t\t\t\t\t<h2 class=\"elementor-heading-title elementor-size-default\">Superintend\u00eancia<\/h2>\t\t\t\t<\/div>\n\t\t\t\t<\/div>\n\t\t<div class=\"elementor-element elementor-element-ecdc973 e-con-full e-flex e-con e-child\" data-id=\"ecdc973\" data-element_type=\"container\" data-e-type=\"container\" data-settings=\"{&quot;jet_parallax_layout_list&quot;:[]}\">\n\t\t\t\t<div class=\"elementor-element elementor-element-bf9863d elementor-widget elementor-widget-text-editor\" data-id=\"bf9863d\" data-element_type=\"widget\" data-e-type=\"widget\" data-widget_type=\"text-editor.default\">\n\t\t\t\t<div class=\"elementor-widget-container\">\n\t\t\t\t\t\t\t\t\t<p><strong>Superintend\u00eancia de Acompanhamento de Metas<br \/><\/strong><strong>Gerente: <\/strong>Maria Selma Lopes Machado<br \/><strong>Telefone:\u00a0<\/strong>3181-6411<\/p>\t\t\t\t\t\t\t\t<\/div>\n\t\t\t\t<\/div>\n\t\t\t\t<\/div>\n\t\t\t\t<div class=\"elementor-element elementor-element-6b04780 elementor-widget elementor-widget-heading\" data-id=\"6b04780\" data-element_type=\"widget\" data-e-type=\"widget\" data-widget_type=\"heading.default\">\n\t\t\t\t<div class=\"elementor-widget-container\">\n\t\t\t\t\t<h2 class=\"elementor-heading-title elementor-size-default\">Ger\u00eancias<\/h2>\t\t\t\t<\/div>\n\t\t\t\t<\/div>\n\t\t<div class=\"elementor-element elementor-element-54cdd81 e-con-full e-flex e-con e-child\" data-id=\"54cdd81\" data-element_type=\"container\" data-e-type=\"container\" data-settings=\"{&quot;jet_parallax_layout_list&quot;:[]}\">\n\t\t\t\t<div class=\"elementor-element elementor-element-ba90f9f elementor-widget elementor-widget-text-editor\" data-id=\"ba90f9f\" data-element_type=\"widget\" data-e-type=\"widget\" data-widget_type=\"text-editor.default\">\n\t\t\t\t<div class=\"elementor-widget-container\">\n\t\t\t\t\t\t\t\t\t<p><strong>Ger\u00eancia\u00a0de Avalia\u00e7\u00e3o e Autoriza\u00e7\u00e3o de Procedimentos &#8211; GAAP<br \/><\/strong><strong>Gerente:\u00a0<\/strong>Mariane da Silva Brito<br \/><strong>Telefone:\u00a0<\/strong>3181-6100<\/p>\t\t\t\t\t\t\t\t<\/div>\n\t\t\t\t<\/div>\n\t\t\t\t<\/div>\n\t\t<div class=\"elementor-element elementor-element-b6fe81a e-con-full e-flex e-con e-child\" data-id=\"b6fe81a\" data-element_type=\"container\" data-e-type=\"container\" data-settings=\"{&quot;jet_parallax_layout_list&quot;:[]}\">\n\t\t\t\t<div class=\"elementor-element elementor-element-eab0290 elementor-widget elementor-widget-text-editor\" data-id=\"eab0290\" data-element_type=\"widget\" data-e-type=\"widget\" data-widget_type=\"text-editor.default\">\n\t\t\t\t<div class=\"elementor-widget-container\">\n\t\t\t\t\t\t\t\t\t<p><strong>Ger\u00eancia de Operacionaliza\u00e7\u00e3o da Pol\u00edtica de Assist\u00eancia Farmac\u00eautica &#8211; GEPAF<br \/><\/strong><strong>Gerente: <\/strong>Jozelma Barros<strong><br \/>E-mail<\/strong>:\u00a0gcmdepernambuco@gmail.com<br \/><strong>Contato<\/strong>: 81 3181 &#8211; 6112<\/p>\t\t\t\t\t\t\t\t<\/div>\n\t\t\t\t<\/div>\n\t\t\t\t<div class=\"elementor-element elementor-element-4c05269 elementor-widget elementor-widget-text-editor\" data-id=\"4c05269\" data-element_type=\"widget\" data-e-type=\"widget\" data-widget_type=\"text-editor.default\">\n\t\t\t\t<div class=\"elementor-widget-container\">\n\t\t\t\t\t\t\t\t\t<p><strong>Coordena\u00e7\u00e3o Estadual de Farm\u00e1cia e Terap\u00eautica &#8211; CFT<br \/><\/strong><strong>E-mail<\/strong>:\u00a0ceftsespe@gmail.com<br \/><strong>Contato<\/strong>:3181 &#8211; 6101<\/p>\t\t\t\t\t\t\t\t<\/div>\n\t\t\t\t<\/div>\n\t\t\t\t<div class=\"elementor-element elementor-element-244ab21 elementor-widget elementor-widget-text-editor\" data-id=\"244ab21\" data-element_type=\"widget\" data-e-type=\"widget\" data-widget_type=\"text-editor.default\">\n\t\t\t\t<div class=\"elementor-widget-container\">\n\t\t\t\t\t\t\t\t\t<p><strong>Coordena\u00e7\u00e3o de Assist\u00eancia Farmac\u00eautica Ambulatorial &#8211; CAFA<br \/><\/strong><strong>E-mail<\/strong>:\u00a0absafpe@gmail.com<br \/><strong>Contato<\/strong>: 81 3181 &#8211; 6115<\/p>\t\t\t\t\t\t\t\t<\/div>\n\t\t\t\t<\/div>\n\t\t\t\t<\/div>\n\t\t<div class=\"elementor-element elementor-element-e68c0f9 e-con-full e-flex e-con e-child\" data-id=\"e68c0f9\" data-element_type=\"container\" data-e-type=\"container\" data-settings=\"{&quot;jet_parallax_layout_list&quot;:[]}\">\n\t\t\t\t<div class=\"elementor-element elementor-element-c6151f9 elementor-widget elementor-widget-text-editor\" data-id=\"c6151f9\" data-element_type=\"widget\" data-e-type=\"widget\" data-widget_type=\"text-editor.default\">\n\t\t\t\t<div class=\"elementor-widget-container\">\n\t\t\t\t\t\t\t\t\t<p><strong>Ger\u00eancia de Monitoramento, Avalia\u00e7\u00e3o e Sustentabilidade da Assist\u00eancia Farmac\u00eautica &#8211; GMAS<br \/><\/strong><strong>Gerente:\u00a0<\/strong>Marcos Ant\u00f4nio Tormente<br \/><strong>Telefone: <\/strong>81 3181-6420<\/p>\t\t\t\t\t\t\t\t<\/div>\n\t\t\t\t<\/div>\n\t\t\t\t<\/div>\n\t\t<div class=\"elementor-element elementor-element-d2938b7 e-con-full e-flex e-con e-child\" data-id=\"d2938b7\" data-element_type=\"container\" data-e-type=\"container\" data-settings=\"{&quot;jet_parallax_layout_list&quot;:[]}\">\n\t\t\t\t<div class=\"elementor-element elementor-element-2317399 elementor-widget elementor-widget-text-editor\" data-id=\"2317399\" data-element_type=\"widget\" data-e-type=\"widget\" data-widget_type=\"text-editor.default\">\n\t\t\t\t<div class=\"elementor-widget-container\">\n\t\t\t\t\t\t\t\t\t<p><strong>Ger\u00eancia de Organiza\u00e7\u00e3o e Administra\u00e7\u00e3o das Farm\u00e1cias de&nbsp;Pernambuco &#8211; GOAFPE<br><\/strong><strong>Gerente: <\/strong>Hugo Carvalho<strong><br>E-mail<\/strong>:&nbsp;goafpe@hotmail.com<br><strong>Contato<\/strong>: 81 3181 &#8211; 6415<\/p>\t\t\t\t\t\t\t\t<\/div>\n\t\t\t\t<\/div>\n\t\t\t\t<\/div>\n\t\t<div class=\"elementor-element elementor-element-d553929 e-con-full e-flex e-con e-child\" data-id=\"d553929\" data-element_type=\"container\" data-e-type=\"container\" data-settings=\"{&quot;jet_parallax_layout_list&quot;:[]}\">\n\t\t\t\t<div class=\"elementor-element elementor-element-49c261c elementor-widget elementor-widget-heading\" data-id=\"49c261c\" data-element_type=\"widget\" data-e-type=\"widget\" data-widget_type=\"heading.default\">\n\t\t\t\t<div class=\"elementor-widget-container\">\n\t\t\t\t\t<h3 class=\"elementor-heading-title elementor-size-default\">Outros links<\/h3>\t\t\t\t<\/div>\n\t\t\t\t<\/div>\n\t\t\t\t<div class=\"elementor-element elementor-element-2710f17 elementor-widget elementor-widget-ucaddon_card_carousel\" data-id=\"2710f17\" data-element_type=\"widget\" data-e-type=\"widget\" data-widget_type=\"ucaddon_card_carousel.default\">\n\t\t\t\t<div class=\"elementor-widget-container\">\n\t\t\t\t\t\n<!-- start Card Carousel -->\n\t\t<link id='font-awesome-css' href='https:\/\/farmacia.saude.pe.gov.br\/wp-content\/plugins\/unlimited-elements-for-elementor\/assets_libraries\/font-awesome6\/fontawesome-all.min.css' type='text\/css' rel='stylesheet' >\n\t\t<link id='font-awesome-4-shim-css' href='https:\/\/farmacia.saude.pe.gov.br\/wp-content\/plugins\/unlimited-elements-for-elementor\/assets_libraries\/font-awesome6\/fontawesome-v4-shims.min.css' type='text\/css' rel='stylesheet' >\n\t\t<link id='owl-carousel-css' href='https:\/\/farmacia.saude.pe.gov.br\/wp-content\/plugins\/unlimited-elements-for-elementor\/assets_libraries\/owl-carousel-new\/assets\/owl.carousel.css' type='text\/css' rel='stylesheet' >\n\n<style>\/* widget: Card Carousel *\/\n\n#uc_card_carousel_elementor_2710f17-wrapper\n{\n  min-height:1px;\n}\n#uc_card_carousel_elementor_2710f17 *{\n\t-webkit-box-sizing: border-box;\n\t-moz-box-sizing: border-box;\n\tbox-sizing: border-box;\n}\n\n#uc_card_carousel_elementor_2710f17 .ue-carousel-item\n{\n  overflow:hidden;\n  transition:0.3s;\n}\n\n#uc_card_carousel_elementor_2710f17 .uc_classic_carousel_container_holder\n{\n\tdisplay:block;\n\tposition:relative;\n\twidth:100%;\n    box-sizing: border-box;\n}\n#uc_card_carousel_elementor_2710f17 .uc_classic_carousel_placeholder{\n   position:relative;\n}\n\n#uc_card_carousel_elementor_2710f17 .uc_classic_carousel_placeholder img, #uc_card_carousel_elementor_2710f17 .ue_card_carousel_image_overlay\n{\n  transition: all 300ms;\n}\n\n.card_carousel_title\n{\n\tfont-size:21px;\n}\n\n.uc_classic_carousel .uc_classic_carousel_border\n{\n\tdisplay:block;\n    margin:0 auto;\n}\n\n.uc_classic_carousel  .uc_classic_carousel_placeholder img\n{\n\twidth:100%;\n    \n    display:inline-flex;\n}\n.uc_classic_carousel .uc_classic_carousel_content\n{\n  display: flex;\n flex-flow: column nowrap;\n}\n\n.uc_classic_carousel .ue_button\n{\n  margin-top:auto;\n\n}\n\n.uc_classic_carousel .uc_classic_carousel_content .uc_more_btn {\n\tdisplay:inline-block;\n\ttext-decoration:none;\n\ttransition: all 0.5s ease;\n}\n\n\n#uc_card_carousel_elementor_2710f17 .owl-dots {\noverflow:hidden;\ntext-align:center;\n}\n\n#uc_card_carousel_elementor_2710f17 .owl-dot {\nborder-radius:50%;\ndisplay:inline-block;\n}\n\n#uc_card_carousel_elementor_2710f17 .owl-nav .owl-prev{\n    position:absolute;\n    display:inline-block;\n    text-align:center;\n}\n#uc_card_carousel_elementor_2710f17 .owl-nav .owl-next{\n  position:absolute;\n  display:inline-block;\n  text-align:center;\n}\n\n#uc_card_carousel_elementor_2710f17 .owl-nav .disabled\n{\n    display: none;  \n}\n\n\n#uc_card_carousel_elementor_2710f17 .ue-item-icon\n{\n  line-height:1em;\n  display:inline-flex;\n  justify-content:center;\n  align-items:center;\n  \n}\n\n#uc_card_carousel_elementor_2710f17 .ue-item-icon svg\n{\n  height:1em;\n  width:1em;\n}\n\n#uc_card_carousel_elementor_2710f17 .ue-item-icon-wrapper\n{\n  display:flex;\n}\n\n#uc_card_carousel_elementor_2710f17 .uc_classic_carousel_container_holder {\n\t max-width: ;\n}\n\n\n\n@media screen and (max-width: 1024px) {\n  #uc_card_carousel_elementor_2710f17 .uc_classic_carousel_container_holder {\n\t max-width: ;\n  }\n}\n\n@media screen and (max-width: 767px) {\n  #uc_card_carousel_elementor_2710f17 .uc_classic_carousel_container_holder {\n    max-width: ;\n  }\n}\n\n<\/style>\n\n<div class=\"uc_classic_carousel\" id=\"uc_card_carousel_elementor_2710f17-wrapper\">\n        <div class=\"uc_carousel owl-carousel uc-items-wrapper  \" id=\"uc_card_carousel_elementor_2710f17\"  >\n          \t<div class=\"uc_classic_carousel_container_holder ue-item elementor-repeater-item-e9b5fbd\">\n  <div class=\"ue-carousel-item\">\n      <div class=\"uc_classic_carousel_content\" style=\"direction:ltr;\">\n    \n    \n          <div class=\"ue-item-icon-wrapper\">\n         <div class=\"ue-item-icon\"><img src='http:\/\/www.pe.gov.br\/wp-content\/uploads\/2023\/08\/icon5.svg' class='uc-svg-image'><\/div>\n      <\/div>\n        \n          \t\n      <div  class=\"card_carousel_title\">SEI<\/div>\n          \t\n    \n      \n    <p class=\"card_carousel_text\">O Sistema Eletr\u00f4nico de Informa\u00e7\u00f5es <\/p>    \n    \n    \t\n    \n    \n        \t \n              <div class=\"ue_button\"><a class=\"uc_more_btn \" href=\"https:\/\/www.portalsei.pe.gov.br\/\" title=\"Acessar\"  target='_blank'>Acessar<\/a><\/div>\n        \t    \n    \t\n  <\/div>\n  <\/div>\n<\/div>\n<div class=\"uc_classic_carousel_container_holder ue-item elementor-repeater-item-981c353\">\n  <div class=\"ue-carousel-item\">\n      <div class=\"uc_classic_carousel_content\" style=\"direction:ltr;\">\n    \n    \n          <div class=\"ue-item-icon-wrapper\">\n         <div class=\"ue-item-icon\"><img src='http:\/\/www.pe.gov.br\/wp-content\/uploads\/2023\/08\/icon3.svg' class='uc-svg-image'><\/div>\n      <\/div>\n        \n          \t\n      <div  class=\"card_carousel_title\">CNES<\/div>\n          \t\n    \n      \n    <p class=\"card_carousel_text\">Cadastro Nacional de Estabelecimento de Sa\u00fade<\/p>    \n    \n    \t\n    \n    \n        \t \n              <div class=\"ue_button\"><a class=\"uc_more_btn \" href=\"http:\/\/cnes.datasus.gov.br\/\" title=\"Acessar\"  target='_blank'>Acessar<\/a><\/div>\n        \t    \n    \t\n  <\/div>\n  <\/div>\n<\/div>\n<div class=\"uc_classic_carousel_container_holder ue-item elementor-repeater-item-415b386\">\n  <div class=\"ue-carousel-item\">\n      <div class=\"uc_classic_carousel_content\" style=\"direction:ltr;\">\n    \n    \n          <div class=\"ue-item-icon-wrapper\">\n         <div class=\"ue-item-icon\"><img src='http:\/\/www.pe.gov.br\/wp-content\/uploads\/2023\/08\/icon2.svg' class='uc-svg-image'><\/div>\n      <\/div>\n        \n          \t\n      <div  class=\"card_carousel_title\">Ouvidoria<\/div>\n          \t\n    \n      \n    <p class=\"card_carousel_text\">Sugira, elogie, reclame ou denuncie os servi\u00e7os ou condutas do estado<\/p>    \n    \n    \t\n    \n    \n        \t \n              <div class=\"ue_button\"><a class=\"uc_more_btn \" href=\"https:\/\/portal.saude.pe.gov.br\/ouvidoria\/\" title=\"Acessar\"  target='_blank'>Acessar<\/a><\/div>\n        \t    \n    \t\n  <\/div>\n  <\/div>\n<\/div>\n<div class=\"uc_classic_carousel_container_holder ue-item elementor-repeater-item-756a297\">\n  <div class=\"ue-carousel-item\">\n      <div class=\"uc_classic_carousel_content\" style=\"direction:ltr;\">\n    \n    \n          <div class=\"ue-item-icon-wrapper\">\n         <div class=\"ue-item-icon\"><i class='fas fa-desktop'><\/i><\/div>\n      <\/div>\n        \n          \t\n      <div  class=\"card_carousel_title\">Sistema H\u00d3RUS<\/div>\n          \t\n    \n      \n    <p class=\"card_carousel_text\">Sistema que controla a dispensa\u00e7\u00e3o de medicamentos especializados no SUS.<\/p>    \n    \n    \t\n    \n    \n        \t \n              <div class=\"ue_button\"><a class=\"uc_more_btn \" href=\"https:\/\/scaweb.saude.gov.br\/scaweb\/\" title=\"Acessar\"  target='_blank'>Acessar<\/a><\/div>\n        \t    \n    \t\n  <\/div>\n  <\/div>\n<\/div>\n\n      <\/div>\n<\/div>\n<!-- end Card Carousel -->\t\t\t\t<\/div>\n\t\t\t\t<\/div>\n\t\t\t\t<\/div>\n\t\t\t\t\t<\/div>\n\t\t\t\t<\/div>\n\t\t\t\t<\/div>\n\t\t","protected":false},"excerpt":{"rendered":"<p>Diretoria Geral de Assist\u00eancia Farmac\u00eautica \u201cConjunto de a\u00e7\u00f5es e de servi\u00e7os que visem a assegurar a assist\u00eancia terap\u00eautica integral e a promo\u00e7\u00e3o, a prote\u00e7\u00e3o e a recupera\u00e7\u00e3o da sa\u00fade nos estabelecimentos p\u00fablicos e privados que desempenhem atividades farmac\u00eauticas, tendo o medicamento como insumo essencial e visando ao seu acesso e ao seu uso racional\u201d. Lei [&hellip;]<\/p>\n","protected":false},"author":5,"featured_media":0,"parent":0,"menu_order":0,"comment_status":"closed","ping_status":"closed","template":"","meta":{"footnotes":""},"class_list":["post-4140","page","type-page","status-publish","hentry"],"yoast_head":"<!-- This site is optimized with the Yoast SEO plugin v27.5 - https:\/\/yoast.com\/product\/yoast-seo-wordpress\/ -->\n<title>Diretoria e Ger\u00eancia - Farm\u00e1cia de Pernambuco<\/title>\n<meta name=\"robots\" content=\"index, follow, max-snippet:-1, max-image-preview:large, max-video-preview:-1\" \/>\n<link rel=\"canonical\" href=\"https:\/\/farmacia.saude.pe.gov.br\/?page_id=4140\" \/>\n<meta property=\"og:locale\" content=\"pt_BR\" \/>\n<meta property=\"og:type\" content=\"article\" \/>\n<meta property=\"og:title\" content=\"Diretoria e Ger\u00eancia - Farm\u00e1cia de Pernambuco\" \/>\n<meta property=\"og:description\" content=\"Diretoria Geral de Assist\u00eancia Farmac\u00eautica \u201cConjunto de a\u00e7\u00f5es e de servi\u00e7os que visem a assegurar a assist\u00eancia terap\u00eautica integral e a promo\u00e7\u00e3o, a prote\u00e7\u00e3o e a recupera\u00e7\u00e3o da sa\u00fade nos estabelecimentos p\u00fablicos e privados que desempenhem atividades farmac\u00eauticas, tendo o medicamento como insumo essencial e visando ao seu acesso e ao seu uso racional\u201d. Lei [&hellip;]\" \/>\n<meta property=\"og:url\" content=\"https:\/\/farmacia.saude.pe.gov.br\/?page_id=4140\" \/>\n<meta property=\"og:site_name\" content=\"Farm\u00e1cia de Pernambuco\" \/>\n<meta property=\"article:modified_time\" content=\"2025-12-07T21:50:25+00:00\" \/>\n<meta property=\"og:image\" content=\"http:\/\/www.pe.gov.br\/wp-content\/uploads\/2023\/08\/icon5.svg\" \/>\n<meta name=\"twitter:card\" content=\"summary_large_image\" \/>\n<meta name=\"twitter:label1\" content=\"Est. tempo de leitura\" \/>\n\t<meta name=\"twitter:data1\" content=\"4 minutos\" \/>\n<script type=\"application\/ld+json\" class=\"yoast-schema-graph\">{\"@context\":\"https:\\\/\\\/schema.org\",\"@graph\":[{\"@type\":\"WebPage\",\"@id\":\"https:\\\/\\\/farmacia.saude.pe.gov.br\\\/?page_id=4140\",\"url\":\"https:\\\/\\\/farmacia.saude.pe.gov.br\\\/?page_id=4140\",\"name\":\"Diretoria e Ger\u00eancia - Farm\u00e1cia de Pernambuco\",\"isPartOf\":{\"@id\":\"https:\\\/\\\/farmacia.saude.pe.gov.br\\\/#website\"},\"primaryImageOfPage\":{\"@id\":\"https:\\\/\\\/farmacia.saude.pe.gov.br\\\/?page_id=4140#primaryimage\"},\"image\":{\"@id\":\"https:\\\/\\\/farmacia.saude.pe.gov.br\\\/?page_id=4140#primaryimage\"},\"thumbnailUrl\":\"http:\\\/\\\/www.pe.gov.br\\\/wp-content\\\/uploads\\\/2023\\\/08\\\/icon5.svg\",\"datePublished\":\"2025-06-26T16:33:46+00:00\",\"dateModified\":\"2025-12-07T21:50:25+00:00\",\"breadcrumb\":{\"@id\":\"https:\\\/\\\/farmacia.saude.pe.gov.br\\\/?page_id=4140#breadcrumb\"},\"inLanguage\":\"pt-BR\",\"potentialAction\":[{\"@type\":\"ReadAction\",\"target\":[\"https:\\\/\\\/farmacia.saude.pe.gov.br\\\/?page_id=4140\"]}]},{\"@type\":\"ImageObject\",\"inLanguage\":\"pt-BR\",\"@id\":\"https:\\\/\\\/farmacia.saude.pe.gov.br\\\/?page_id=4140#primaryimage\",\"url\":\"http:\\\/\\\/www.pe.gov.br\\\/wp-content\\\/uploads\\\/2023\\\/08\\\/icon5.svg\",\"contentUrl\":\"http:\\\/\\\/www.pe.gov.br\\\/wp-content\\\/uploads\\\/2023\\\/08\\\/icon5.svg\"},{\"@type\":\"BreadcrumbList\",\"@id\":\"https:\\\/\\\/farmacia.saude.pe.gov.br\\\/?page_id=4140#breadcrumb\",\"itemListElement\":[{\"@type\":\"ListItem\",\"position\":1,\"name\":\"Home\",\"item\":\"https:\\\/\\\/farmacia.saude.pe.gov.br\\\/\"},{\"@type\":\"ListItem\",\"position\":2,\"name\":\"Diretoria e Ger\u00eancia\"}]},{\"@type\":\"WebSite\",\"@id\":\"https:\\\/\\\/farmacia.saude.pe.gov.br\\\/#website\",\"url\":\"https:\\\/\\\/farmacia.saude.pe.gov.br\\\/\",\"name\":\"Farm\u00e1cia de Pernambuco\",\"description\":\"\",\"publisher\":{\"@id\":\"https:\\\/\\\/farmacia.saude.pe.gov.br\\\/#organization\"},\"potentialAction\":[{\"@type\":\"SearchAction\",\"target\":{\"@type\":\"EntryPoint\",\"urlTemplate\":\"https:\\\/\\\/farmacia.saude.pe.gov.br\\\/?s={search_term_string}\"},\"query-input\":{\"@type\":\"PropertyValueSpecification\",\"valueRequired\":true,\"valueName\":\"search_term_string\"}}],\"inLanguage\":\"pt-BR\"},{\"@type\":\"Organization\",\"@id\":\"https:\\\/\\\/farmacia.saude.pe.gov.br\\\/#organization\",\"name\":\"Farm\u00e1cia de Pernambuco\",\"url\":\"https:\\\/\\\/farmacia.saude.pe.gov.br\\\/\",\"logo\":{\"@type\":\"ImageObject\",\"inLanguage\":\"pt-BR\",\"@id\":\"https:\\\/\\\/farmacia.saude.pe.gov.br\\\/#\\\/schema\\\/logo\\\/image\\\/\",\"url\":\"https:\\\/\\\/farmacia.saude.pe.gov.br\\\/wp-content\\\/uploads\\\/2023\\\/08\\\/logoFarmacia.jpg\",\"contentUrl\":\"https:\\\/\\\/farmacia.saude.pe.gov.br\\\/wp-content\\\/uploads\\\/2023\\\/08\\\/logoFarmacia.jpg\",\"width\":490,\"height\":223,\"caption\":\"Farm\u00e1cia de Pernambuco\"},\"image\":{\"@id\":\"https:\\\/\\\/farmacia.saude.pe.gov.br\\\/#\\\/schema\\\/logo\\\/image\\\/\"}}]}<\/script>\n<!-- \/ Yoast SEO plugin. -->","yoast_head_json":{"title":"Diretoria e Ger\u00eancia - Farm\u00e1cia de Pernambuco","robots":{"index":"index","follow":"follow","max-snippet":"max-snippet:-1","max-image-preview":"max-image-preview:large","max-video-preview":"max-video-preview:-1"},"canonical":"https:\/\/farmacia.saude.pe.gov.br\/?page_id=4140","og_locale":"pt_BR","og_type":"article","og_title":"Diretoria e Ger\u00eancia - Farm\u00e1cia de Pernambuco","og_description":"Diretoria Geral de Assist\u00eancia Farmac\u00eautica \u201cConjunto de a\u00e7\u00f5es e de servi\u00e7os que visem a assegurar a assist\u00eancia terap\u00eautica integral e a promo\u00e7\u00e3o, a prote\u00e7\u00e3o e a recupera\u00e7\u00e3o da sa\u00fade nos estabelecimentos p\u00fablicos e privados que desempenhem atividades farmac\u00eauticas, tendo o medicamento como insumo essencial e visando ao seu acesso e ao seu uso racional\u201d. Lei [&hellip;]","og_url":"https:\/\/farmacia.saude.pe.gov.br\/?page_id=4140","og_site_name":"Farm\u00e1cia de Pernambuco","article_modified_time":"2025-12-07T21:50:25+00:00","og_image":[{"url":"http:\/\/www.pe.gov.br\/wp-content\/uploads\/2023\/08\/icon5.svg","type":"","width":"","height":""}],"twitter_card":"summary_large_image","twitter_misc":{"Est. tempo de leitura":"4 minutos"},"schema":{"@context":"https:\/\/schema.org","@graph":[{"@type":"WebPage","@id":"https:\/\/farmacia.saude.pe.gov.br\/?page_id=4140","url":"https:\/\/farmacia.saude.pe.gov.br\/?page_id=4140","name":"Diretoria e Ger\u00eancia - Farm\u00e1cia de Pernambuco","isPartOf":{"@id":"https:\/\/farmacia.saude.pe.gov.br\/#website"},"primaryImageOfPage":{"@id":"https:\/\/farmacia.saude.pe.gov.br\/?page_id=4140#primaryimage"},"image":{"@id":"https:\/\/farmacia.saude.pe.gov.br\/?page_id=4140#primaryimage"},"thumbnailUrl":"http:\/\/www.pe.gov.br\/wp-content\/uploads\/2023\/08\/icon5.svg","datePublished":"2025-06-26T16:33:46+00:00","dateModified":"2025-12-07T21:50:25+00:00","breadcrumb":{"@id":"https:\/\/farmacia.saude.pe.gov.br\/?page_id=4140#breadcrumb"},"inLanguage":"pt-BR","potentialAction":[{"@type":"ReadAction","target":["https:\/\/farmacia.saude.pe.gov.br\/?page_id=4140"]}]},{"@type":"ImageObject","inLanguage":"pt-BR","@id":"https:\/\/farmacia.saude.pe.gov.br\/?page_id=4140#primaryimage","url":"http:\/\/www.pe.gov.br\/wp-content\/uploads\/2023\/08\/icon5.svg","contentUrl":"http:\/\/www.pe.gov.br\/wp-content\/uploads\/2023\/08\/icon5.svg"},{"@type":"BreadcrumbList","@id":"https:\/\/farmacia.saude.pe.gov.br\/?page_id=4140#breadcrumb","itemListElement":[{"@type":"ListItem","position":1,"name":"Home","item":"https:\/\/farmacia.saude.pe.gov.br\/"},{"@type":"ListItem","position":2,"name":"Diretoria e Ger\u00eancia"}]},{"@type":"WebSite","@id":"https:\/\/farmacia.saude.pe.gov.br\/#website","url":"https:\/\/farmacia.saude.pe.gov.br\/","name":"Farm\u00e1cia de Pernambuco","description":"","publisher":{"@id":"https:\/\/farmacia.saude.pe.gov.br\/#organization"},"potentialAction":[{"@type":"SearchAction","target":{"@type":"EntryPoint","urlTemplate":"https:\/\/farmacia.saude.pe.gov.br\/?s={search_term_string}"},"query-input":{"@type":"PropertyValueSpecification","valueRequired":true,"valueName":"search_term_string"}}],"inLanguage":"pt-BR"},{"@type":"Organization","@id":"https:\/\/farmacia.saude.pe.gov.br\/#organization","name":"Farm\u00e1cia de Pernambuco","url":"https:\/\/farmacia.saude.pe.gov.br\/","logo":{"@type":"ImageObject","inLanguage":"pt-BR","@id":"https:\/\/farmacia.saude.pe.gov.br\/#\/schema\/logo\/image\/","url":"https:\/\/farmacia.saude.pe.gov.br\/wp-content\/uploads\/2023\/08\/logoFarmacia.jpg","contentUrl":"https:\/\/farmacia.saude.pe.gov.br\/wp-content\/uploads\/2023\/08\/logoFarmacia.jpg","width":490,"height":223,"caption":"Farm\u00e1cia de Pernambuco"},"image":{"@id":"https:\/\/farmacia.saude.pe.gov.br\/#\/schema\/logo\/image\/"}}]}},"_links":{"self":[{"href":"https:\/\/farmacia.saude.pe.gov.br\/index.php?rest_route=\/wp\/v2\/pages\/4140","targetHints":{"allow":["GET"]}}],"collection":[{"href":"https:\/\/farmacia.saude.pe.gov.br\/index.php?rest_route=\/wp\/v2\/pages"}],"about":[{"href":"https:\/\/farmacia.saude.pe.gov.br\/index.php?rest_route=\/wp\/v2\/types\/page"}],"author":[{"embeddable":true,"href":"https:\/\/farmacia.saude.pe.gov.br\/index.php?rest_route=\/wp\/v2\/users\/5"}],"replies":[{"embeddable":true,"href":"https:\/\/farmacia.saude.pe.gov.br\/index.php?rest_route=%2Fwp%2Fv2%2Fcomments&post=4140"}],"version-history":[{"count":31,"href":"https:\/\/farmacia.saude.pe.gov.br\/index.php?rest_route=\/wp\/v2\/pages\/4140\/revisions"}],"predecessor-version":[{"id":6217,"href":"https:\/\/farmacia.saude.pe.gov.br\/index.php?rest_route=\/wp\/v2\/pages\/4140\/revisions\/6217"}],"wp:attachment":[{"href":"https:\/\/farmacia.saude.pe.gov.br\/index.php?rest_route=%2Fwp%2Fv2%2Fmedia&parent=4140"}],"curies":[{"name":"wp","href":"https:\/\/api.w.org\/{rel}","templated":true}]}}