{"id":4199,"date":"2025-06-26T15:52:33","date_gmt":"2025-06-26T18:52:33","guid":{"rendered":"https:\/\/farmacia-homologacao.saude.pe.gov.br\/?page_id=4199"},"modified":"2025-11-07T15:31:54","modified_gmt":"2025-11-07T18:31:54","slug":"remedio-na-porta","status":"publish","type":"page","link":"https:\/\/farmacia.saude.pe.gov.br\/?page_id=4199","title":{"rendered":"Rem\u00e9dio na Porta"},"content":{"rendered":"\t\t<div data-elementor-type=\"wp-page\" data-elementor-id=\"4199\" class=\"elementor elementor-4199\" data-elementor-post-type=\"page\">\n\t\t\t\t<div class=\"elementor-element elementor-element-4e5a4ef e-flex e-con-boxed e-con e-parent\" data-id=\"4e5a4ef\" data-element_type=\"container\" data-e-type=\"container\" data-settings=\"{&quot;jet_parallax_layout_list&quot;:[]}\">\n\t\t\t\t\t<div class=\"e-con-inner\">\n\t\t\t\t<div class=\"elementor-element elementor-element-4574e32 elementor-widget elementor-widget-heading\" data-id=\"4574e32\" data-element_type=\"widget\" data-e-type=\"widget\" data-widget_type=\"heading.default\">\n\t\t\t\t<div class=\"elementor-widget-container\">\n\t\t\t\t\t<h2 class=\"elementor-heading-title elementor-size-default\">Rem\u00e9dio na Porta<\/h2>\t\t\t\t<\/div>\n\t\t\t\t<\/div>\n\t\t\t\t<div class=\"elementor-element elementor-element-25a095f elementor-widget elementor-widget-text-editor\" data-id=\"25a095f\" data-element_type=\"widget\" data-e-type=\"widget\" data-widget_type=\"text-editor.default\">\n\t\t\t\t<div class=\"elementor-widget-container\">\n\t\t\t\t\t\t\t\t\t<p>O Programa Rem\u00e9dio na Porta foi criado para facilitar o acesso a medicamentos do Componente Especializado da Assist\u00eancia Farmac\u00eautica, permitindo que o usu\u00e1rio receba seus rem\u00e9dios em casa, sem precisar ir at\u00e9 a Farm\u00e1cia de Pernambuco.<\/p><p>Para participar, o usu\u00e1rio precisa j\u00e1 ter cadastro ativo no Componente Especializado da Assist\u00eancia Farmac\u00eautica (CEAF) em Pernambuco. O programa \u00e9 destinado a usu\u00e1rios que utilizam medicamentos que podem ser armazenados em temperatura ambiente. Al\u00e9m disso, \u00e9 necess\u00e1rio que seus dados de endere\u00e7o e telefone estejam atualizados.<\/p><p>As seguintes condi\u00e7\u00f5es e diagn\u00f3sticos s\u00e3o atendidos pelo programa atualmente:<\/p>\t\t\t\t\t\t\t\t<\/div>\n\t\t\t\t<\/div>\n\t\t\t\t<div class=\"elementor-element elementor-element-369411f elementor-widget elementor-widget-text-editor\" data-id=\"369411f\" data-element_type=\"widget\" data-e-type=\"widget\" data-widget_type=\"text-editor.default\">\n\t\t\t\t<div class=\"elementor-widget-container\">\n\t\t\t\t\t\t\t\t\t<ul><li>Artrite (a partir de 60 anos)<\/li><li>Asma (a partir de 60 anos)<\/li><li>Doen\u00e7a de Alzheimer<\/li><li>Doen\u00e7a de Parkinson<\/li><li>Doen\u00e7a Pulmonar<\/li><li>Obstrutiva Cr\u00f4nica (a partir de 60 anos)<\/li><li>Epilepsia<\/li><li>Esclerose<\/li><li>M\u00faltipla\/Sist\u00eamica<\/li><li>Esquizofrenia<\/li><li>Insufici\u00eancia Card\u00edaca (a partir de 60 anos)<\/li><li>Transtorno Afetivo Bipolar<\/li><li>Transtorno do D\u00e9ficit de Aten\u00e7\u00e3o com<\/li><li>Hiperatividade<\/li><li>Transtorno do Espectro Autista<\/li><\/ul>\t\t\t\t\t\t\t\t<\/div>\n\t\t\t\t<\/div>\n\t\t\t\t<div class=\"elementor-element elementor-element-c24cc03 elementor-widget elementor-widget-text-editor\" data-id=\"c24cc03\" data-element_type=\"widget\" data-e-type=\"widget\" data-widget_type=\"text-editor.default\">\n\t\t\t\t<div class=\"elementor-widget-container\">\n\t\t\t\t\t\t\t\t\t<p>Para aderir ao programa, o usu\u00e1rio ou seu representante deve comparecer \u00e0 Farm\u00e1cia de Pernambuco mais pr\u00f3xima de sua resid\u00eancia e solicitar a transfer\u00eancia para o Programa Rem\u00e9dio na Porta. Ap\u00f3s o preenchimento e a assinatura do Termo de Ades\u00e3o, e estando dentro dos crit\u00e9rios de inclus\u00e3o, o pr\u00f3ximo recebimento dos medicamentos ser\u00e1 feito diretamente em sua casa. A renova\u00e7\u00e3o do cadastro \u00e9 presencial e obrigat\u00f3ria a cada 3 ou 6 meses, de acordo com o medicamento.<\/p><p>Baixe o termo de ades\u00e3o aqui: <a href=\"http:\/\/farmacia.saude.pe.gov.br\/wp-content\/uploads\/2025\/11\/TERMO-DE-ADESA\u0303O-RP-FRENTE-E-VERSO.pdf\">Termo de Ades\u00e3o ao Programa Rem\u00e9dio na Porta.<\/a><\/p>\t\t\t\t\t\t\t\t<\/div>\n\t\t\t\t<\/div>\n\t\t\t\t\t<\/div>\n\t\t\t\t<\/div>\n\t\t\t\t<\/div>\n\t\t","protected":false},"excerpt":{"rendered":"<p>Rem\u00e9dio na Porta O Programa Rem\u00e9dio na Porta foi criado para facilitar o acesso a medicamentos do Componente Especializado da Assist\u00eancia Farmac\u00eautica, permitindo que o usu\u00e1rio receba seus rem\u00e9dios em casa, sem precisar ir at\u00e9 a Farm\u00e1cia de Pernambuco. Para participar, o usu\u00e1rio precisa j\u00e1 ter cadastro ativo no Componente Especializado da Assist\u00eancia Farmac\u00eautica (CEAF) [&hellip;]<\/p>\n","protected":false},"author":5,"featured_media":0,"parent":0,"menu_order":0,"comment_status":"closed","ping_status":"closed","template":"","meta":{"footnotes":""},"class_list":["post-4199","page","type-page","status-publish","hentry"],"yoast_head":"<!-- This site is optimized with the Yoast SEO plugin v27.5 - https:\/\/yoast.com\/product\/yoast-seo-wordpress\/ -->\n<title>Rem\u00e9dio na Porta - Farm\u00e1cia de Pernambuco<\/title>\n<meta name=\"robots\" content=\"index, follow, max-snippet:-1, max-image-preview:large, max-video-preview:-1\" \/>\n<link rel=\"canonical\" href=\"https:\/\/farmacia.saude.pe.gov.br\/?page_id=4199\" \/>\n<meta property=\"og:locale\" content=\"pt_BR\" \/>\n<meta property=\"og:type\" content=\"article\" \/>\n<meta property=\"og:title\" content=\"Rem\u00e9dio na Porta - Farm\u00e1cia de Pernambuco\" \/>\n<meta property=\"og:description\" content=\"Rem\u00e9dio na Porta O Programa Rem\u00e9dio na Porta foi criado para facilitar o acesso a medicamentos do Componente Especializado da Assist\u00eancia Farmac\u00eautica, permitindo que o usu\u00e1rio receba seus rem\u00e9dios em casa, sem precisar ir at\u00e9 a Farm\u00e1cia de Pernambuco. Para participar, o usu\u00e1rio precisa j\u00e1 ter cadastro ativo no Componente Especializado da Assist\u00eancia Farmac\u00eautica (CEAF) [&hellip;]\" \/>\n<meta property=\"og:url\" content=\"https:\/\/farmacia.saude.pe.gov.br\/?page_id=4199\" \/>\n<meta property=\"og:site_name\" content=\"Farm\u00e1cia de Pernambuco\" \/>\n<meta property=\"article:modified_time\" content=\"2025-11-07T18:31:54+00:00\" \/>\n<meta name=\"twitter:card\" content=\"summary_large_image\" \/>\n<meta name=\"twitter:label1\" content=\"Est. tempo de leitura\" \/>\n\t<meta name=\"twitter:data1\" content=\"2 minutos\" \/>\n<script type=\"application\/ld+json\" class=\"yoast-schema-graph\">{\"@context\":\"https:\\\/\\\/schema.org\",\"@graph\":[{\"@type\":\"WebPage\",\"@id\":\"https:\\\/\\\/farmacia.saude.pe.gov.br\\\/?page_id=4199\",\"url\":\"https:\\\/\\\/farmacia.saude.pe.gov.br\\\/?page_id=4199\",\"name\":\"Rem\u00e9dio na Porta - Farm\u00e1cia de Pernambuco\",\"isPartOf\":{\"@id\":\"https:\\\/\\\/farmacia.saude.pe.gov.br\\\/#website\"},\"datePublished\":\"2025-06-26T18:52:33+00:00\",\"dateModified\":\"2025-11-07T18:31:54+00:00\",\"breadcrumb\":{\"@id\":\"https:\\\/\\\/farmacia.saude.pe.gov.br\\\/?page_id=4199#breadcrumb\"},\"inLanguage\":\"pt-BR\",\"potentialAction\":[{\"@type\":\"ReadAction\",\"target\":[\"https:\\\/\\\/farmacia.saude.pe.gov.br\\\/?page_id=4199\"]}]},{\"@type\":\"BreadcrumbList\",\"@id\":\"https:\\\/\\\/farmacia.saude.pe.gov.br\\\/?page_id=4199#breadcrumb\",\"itemListElement\":[{\"@type\":\"ListItem\",\"position\":1,\"name\":\"Home\",\"item\":\"https:\\\/\\\/farmacia.saude.pe.gov.br\\\/\"},{\"@type\":\"ListItem\",\"position\":2,\"name\":\"Rem\u00e9dio na Porta\"}]},{\"@type\":\"WebSite\",\"@id\":\"https:\\\/\\\/farmacia.saude.pe.gov.br\\\/#website\",\"url\":\"https:\\\/\\\/farmacia.saude.pe.gov.br\\\/\",\"name\":\"Farm\u00e1cia de Pernambuco\",\"description\":\"\",\"publisher\":{\"@id\":\"https:\\\/\\\/farmacia.saude.pe.gov.br\\\/#organization\"},\"potentialAction\":[{\"@type\":\"SearchAction\",\"target\":{\"@type\":\"EntryPoint\",\"urlTemplate\":\"https:\\\/\\\/farmacia.saude.pe.gov.br\\\/?s={search_term_string}\"},\"query-input\":{\"@type\":\"PropertyValueSpecification\",\"valueRequired\":true,\"valueName\":\"search_term_string\"}}],\"inLanguage\":\"pt-BR\"},{\"@type\":\"Organization\",\"@id\":\"https:\\\/\\\/farmacia.saude.pe.gov.br\\\/#organization\",\"name\":\"Farm\u00e1cia de Pernambuco\",\"url\":\"https:\\\/\\\/farmacia.saude.pe.gov.br\\\/\",\"logo\":{\"@type\":\"ImageObject\",\"inLanguage\":\"pt-BR\",\"@id\":\"https:\\\/\\\/farmacia.saude.pe.gov.br\\\/#\\\/schema\\\/logo\\\/image\\\/\",\"url\":\"https:\\\/\\\/farmacia.saude.pe.gov.br\\\/wp-content\\\/uploads\\\/2023\\\/08\\\/logoFarmacia.jpg\",\"contentUrl\":\"https:\\\/\\\/farmacia.saude.pe.gov.br\\\/wp-content\\\/uploads\\\/2023\\\/08\\\/logoFarmacia.jpg\",\"width\":490,\"height\":223,\"caption\":\"Farm\u00e1cia de Pernambuco\"},\"image\":{\"@id\":\"https:\\\/\\\/farmacia.saude.pe.gov.br\\\/#\\\/schema\\\/logo\\\/image\\\/\"}}]}<\/script>\n<!-- \/ Yoast SEO plugin. -->","yoast_head_json":{"title":"Rem\u00e9dio na Porta - Farm\u00e1cia de Pernambuco","robots":{"index":"index","follow":"follow","max-snippet":"max-snippet:-1","max-image-preview":"max-image-preview:large","max-video-preview":"max-video-preview:-1"},"canonical":"https:\/\/farmacia.saude.pe.gov.br\/?page_id=4199","og_locale":"pt_BR","og_type":"article","og_title":"Rem\u00e9dio na Porta - Farm\u00e1cia de Pernambuco","og_description":"Rem\u00e9dio na Porta O Programa Rem\u00e9dio na Porta foi criado para facilitar o acesso a medicamentos do Componente Especializado da Assist\u00eancia Farmac\u00eautica, permitindo que o usu\u00e1rio receba seus rem\u00e9dios em casa, sem precisar ir at\u00e9 a Farm\u00e1cia de Pernambuco. Para participar, o usu\u00e1rio precisa j\u00e1 ter cadastro ativo no Componente Especializado da Assist\u00eancia Farmac\u00eautica (CEAF) [&hellip;]","og_url":"https:\/\/farmacia.saude.pe.gov.br\/?page_id=4199","og_site_name":"Farm\u00e1cia de Pernambuco","article_modified_time":"2025-11-07T18:31:54+00:00","twitter_card":"summary_large_image","twitter_misc":{"Est. tempo de leitura":"2 minutos"},"schema":{"@context":"https:\/\/schema.org","@graph":[{"@type":"WebPage","@id":"https:\/\/farmacia.saude.pe.gov.br\/?page_id=4199","url":"https:\/\/farmacia.saude.pe.gov.br\/?page_id=4199","name":"Rem\u00e9dio na Porta - Farm\u00e1cia de Pernambuco","isPartOf":{"@id":"https:\/\/farmacia.saude.pe.gov.br\/#website"},"datePublished":"2025-06-26T18:52:33+00:00","dateModified":"2025-11-07T18:31:54+00:00","breadcrumb":{"@id":"https:\/\/farmacia.saude.pe.gov.br\/?page_id=4199#breadcrumb"},"inLanguage":"pt-BR","potentialAction":[{"@type":"ReadAction","target":["https:\/\/farmacia.saude.pe.gov.br\/?page_id=4199"]}]},{"@type":"BreadcrumbList","@id":"https:\/\/farmacia.saude.pe.gov.br\/?page_id=4199#breadcrumb","itemListElement":[{"@type":"ListItem","position":1,"name":"Home","item":"https:\/\/farmacia.saude.pe.gov.br\/"},{"@type":"ListItem","position":2,"name":"Rem\u00e9dio na Porta"}]},{"@type":"WebSite","@id":"https:\/\/farmacia.saude.pe.gov.br\/#website","url":"https:\/\/farmacia.saude.pe.gov.br\/","name":"Farm\u00e1cia de Pernambuco","description":"","publisher":{"@id":"https:\/\/farmacia.saude.pe.gov.br\/#organization"},"potentialAction":[{"@type":"SearchAction","target":{"@type":"EntryPoint","urlTemplate":"https:\/\/farmacia.saude.pe.gov.br\/?s={search_term_string}"},"query-input":{"@type":"PropertyValueSpecification","valueRequired":true,"valueName":"search_term_string"}}],"inLanguage":"pt-BR"},{"@type":"Organization","@id":"https:\/\/farmacia.saude.pe.gov.br\/#organization","name":"Farm\u00e1cia de Pernambuco","url":"https:\/\/farmacia.saude.pe.gov.br\/","logo":{"@type":"ImageObject","inLanguage":"pt-BR","@id":"https:\/\/farmacia.saude.pe.gov.br\/#\/schema\/logo\/image\/","url":"https:\/\/farmacia.saude.pe.gov.br\/wp-content\/uploads\/2023\/08\/logoFarmacia.jpg","contentUrl":"https:\/\/farmacia.saude.pe.gov.br\/wp-content\/uploads\/2023\/08\/logoFarmacia.jpg","width":490,"height":223,"caption":"Farm\u00e1cia de Pernambuco"},"image":{"@id":"https:\/\/farmacia.saude.pe.gov.br\/#\/schema\/logo\/image\/"}}]}},"_links":{"self":[{"href":"https:\/\/farmacia.saude.pe.gov.br\/index.php?rest_route=\/wp\/v2\/pages\/4199","targetHints":{"allow":["GET"]}}],"collection":[{"href":"https:\/\/farmacia.saude.pe.gov.br\/index.php?rest_route=\/wp\/v2\/pages"}],"about":[{"href":"https:\/\/farmacia.saude.pe.gov.br\/index.php?rest_route=\/wp\/v2\/types\/page"}],"author":[{"embeddable":true,"href":"https:\/\/farmacia.saude.pe.gov.br\/index.php?rest_route=\/wp\/v2\/users\/5"}],"replies":[{"embeddable":true,"href":"https:\/\/farmacia.saude.pe.gov.br\/index.php?rest_route=%2Fwp%2Fv2%2Fcomments&post=4199"}],"version-history":[{"count":22,"href":"https:\/\/farmacia.saude.pe.gov.br\/index.php?rest_route=\/wp\/v2\/pages\/4199\/revisions"}],"predecessor-version":[{"id":6074,"href":"https:\/\/farmacia.saude.pe.gov.br\/index.php?rest_route=\/wp\/v2\/pages\/4199\/revisions\/6074"}],"wp:attachment":[{"href":"https:\/\/farmacia.saude.pe.gov.br\/index.php?rest_route=%2Fwp%2Fv2%2Fmedia&parent=4199"}],"curies":[{"name":"wp","href":"https:\/\/api.w.org\/{rel}","templated":true}]}}

Remédio na Porta

<div data-elementor-type="wp-page" data-elementor-id="4199" class="elementor elementor-4199" data-elementor-post-type="page">
				<div class="elementor-element elementor-element-4e5a4ef e-flex e-con-boxed e-con e-parent" data-id="4e5a4ef" data-element_type="container" data-e-type="container" data-settings="{&quot;jet_parallax_layout_list&quot;:[]}">
					<div class="e-con-inner">
				<div class="elementor-element elementor-element-4574e32 elementor-widget elementor-widget-heading" data-id="4574e32" data-element_type="widget" data-e-type="widget" data-widget_type="heading.default">
				<div class="elementor-widget-container">
					<h2 class="elementor-heading-title elementor-size-default">Remédio na Porta</h2>				</div>
				</div>
				<div class="elementor-element elementor-element-25a095f elementor-widget elementor-widget-text-editor" data-id="25a095f" data-element_type="widget" data-e-type="widget" data-widget_type="text-editor.default">
				<div class="elementor-widget-container">
									<p>O Programa Remédio na Porta foi criado para facilitar o acesso a medicamentos do Componente Especializado da Assistência Farmacêutica, permitindo que o usuário receba seus remédios em casa, sem precisar ir até a Farmácia de Pernambuco.</p><p>Para participar, o usuário precisa já ter cadastro ativo no Componente Especializado da Assistência Farmacêutica (CEAF) em Pernambuco. O programa é destinado a usuários que utilizam medicamentos que podem ser armazenados em temperatura ambiente. Além disso, é necessário que seus dados de endereço e telefone estejam atualizados.</p><p>As seguintes condições e diagnósticos são atendidos pelo programa atualmente:</p>								</div>
				</div>
				<div class="elementor-element elementor-element-369411f elementor-widget elementor-widget-text-editor" data-id="369411f" data-element_type="widget" data-e-type="widget" data-widget_type="text-editor.default">
				<div class="elementor-widget-container">
									<ul><li>Artrite (a partir de 60 anos)</li><li>Asma (a partir de 60 anos)</li><li>Doença de Alzheimer</li><li>Doença de Parkinson</li><li>Doença Pulmonar</li><li>Obstrutiva Crônica (a partir de 60 anos)</li><li>Epilepsia</li><li>Esclerose</li><li>Múltipla/Sistêmica</li><li>Esquizofrenia</li><li>Insuficiência Cardíaca (a partir de 60 anos)</li><li>Transtorno Afetivo Bipolar</li><li>Transtorno do Déficit de Atenção com</li><li>Hiperatividade</li><li>Transtorno do Espectro Autista</li></ul>								</div>
				</div>
				<div class="elementor-element elementor-element-c24cc03 elementor-widget elementor-widget-text-editor" data-id="c24cc03" data-element_type="widget" data-e-type="widget" data-widget_type="text-editor.default">
				<div class="elementor-widget-container">
									<p>Para aderir ao programa, o usuário ou seu representante deve comparecer à Farmácia de Pernambuco mais próxima de sua residência e solicitar a transferência para o Programa Remédio na Porta. Após o preenchimento e a assinatura do Termo de Adesão, e estando dentro dos critérios de inclusão, o próximo recebimento dos medicamentos será feito diretamente em sua casa. A renovação do cadastro é presencial e obrigatória a cada 3 ou 6 meses, de acordo com o medicamento.</p><p>Baixe o termo de adesão aqui: <a href="http://farmacia.saude.pe.gov.br/wp-content/uploads/2025/11/TERMO-DE-ADESÃO-RP-FRENTE-E-VERSO.pdf">Termo de Adesão ao Programa Remédio na Porta.</a></p>								</div>
				</div>
					</div>
				</div>
				</div>

<p>Remédio na Porta O Programa Remédio na Porta foi criado para facilitar o acesso a medicamentos do Componente Especializado da Assistência Farmacêutica, permitindo que o usuário receba seus remédios em casa, sem precisar ir até a Farmácia de Pernambuco. Para participar, o usuário precisa já ter cadastro ativo no Componente Especializado da Assistência Farmacêutica (CEAF) [&hellip;]</p>

<!-- This site is optimized with the Yoast SEO plugin v27.5 - https://yoast.com/product/yoast-seo-wordpress/ -->
<title>Remédio na Porta - Farmácia de Pernambuco</title>
<meta name="robots" content="index, follow, max-snippet:-1, max-image-preview:large, max-video-preview:-1" />
<link rel="canonical" href="https://farmacia.saude.pe.gov.br/?page_id=4199" />
<meta property="og:locale" content="pt_BR" />
<meta property="og:type" content="article" />
<meta property="og:title" content="Remédio na Porta - Farmácia de Pernambuco" />
<meta property="og:description" content="Remédio na Porta O Programa Remédio na Porta foi criado para facilitar o acesso a medicamentos do Componente Especializado da Assistência Farmacêutica, permitindo que o usuário receba seus remédios em casa, sem precisar ir até a Farmácia de Pernambuco. Para participar, o usuário precisa já ter cadastro ativo no Componente Especializado da Assistência Farmacêutica (CEAF) [&hellip;]" />
<meta property="og:url" content="https://farmacia.saude.pe.gov.br/?page_id=4199" />
<meta property="og:site_name" content="Farmácia de Pernambuco" />
<meta property="article:modified_time" content="2025-11-07T18:31:54+00:00" />
<meta name="twitter:card" content="summary_large_image" />
<meta name="twitter:label1" content="Est. tempo de leitura" />
	<meta name="twitter:data1" content="2 minutos" />
<script type="application/ld+json" class="yoast-schema-graph">{"@context":"https:\/\/schema.org","@graph":[{"@type":"WebPage","@id":"https:\/\/farmacia.saude.pe.gov.br\/?page_id=4199","url":"https:\/\/farmacia.saude.pe.gov.br\/?page_id=4199","name":"Remédio na Porta - Farmácia de Pernambuco","isPartOf":{"@id":"https:\/\/farmacia.saude.pe.gov.br\/#website"},"datePublished":"2025-06-26T18:52:33+00:00","dateModified":"2025-11-07T18:31:54+00:00","breadcrumb":{"@id":"https:\/\/farmacia.saude.pe.gov.br\/?page_id=4199#breadcrumb"},"inLanguage":"pt-BR","potentialAction":[{"@type":"ReadAction","target":["https:\/\/farmacia.saude.pe.gov.br\/?page_id=4199"]}]},{"@type":"BreadcrumbList","@id":"https:\/\/farmacia.saude.pe.gov.br\/?page_id=4199#breadcrumb","itemListElement":[{"@type":"ListItem","position":1,"name":"Home","item":"https:\/\/farmacia.saude.pe.gov.br\/"},{"@type":"ListItem","position":2,"name":"Remédio na Porta"}]},{"@type":"WebSite","@id":"https:\/\/farmacia.saude.pe.gov.br\/#website","url":"https:\/\/farmacia.saude.pe.gov.br\/","name":"Farmácia de Pernambuco","description":"","publisher":{"@id":"https:\/\/farmacia.saude.pe.gov.br\/#organization"},"potentialAction":[{"@type":"SearchAction","target":{"@type":"EntryPoint","urlTemplate":"https:\/\/farmacia.saude.pe.gov.br\/?s={search_term_string}"},"query-input":{"@type":"PropertyValueSpecification","valueRequired":true,"valueName":"search_term_string"}}],"inLanguage":"pt-BR"},{"@type":"Organization","@id":"https:\/\/farmacia.saude.pe.gov.br\/#organization","name":"Farmácia de Pernambuco","url":"https:\/\/farmacia.saude.pe.gov.br\/","logo":{"@type":"ImageObject","inLanguage":"pt-BR","@id":"https:\/\/farmacia.saude.pe.gov.br\/#\/schema\/logo\/image\/","url":"https:\/\/farmacia.saude.pe.gov.br\/wp-content\/uploads\/2023\/08\/logoFarmacia.jpg","contentUrl":"https:\/\/farmacia.saude.pe.gov.br\/wp-content\/uploads\/2023\/08\/logoFarmacia.jpg","width":490,"height":223,"caption":"Farmácia de Pernambuco"},"image":{"@id":"https:\/\/farmacia.saude.pe.gov.br\/#\/schema\/logo\/image\/"}}]}</script>
<!-- / Yoast SEO plugin. -->

Remédio na Porta - Farmácia de Pernambuco

Remédio na Porta O Programa Remédio na Porta foi criado para facilitar o acesso a medicamentos do Componente Especializado da Assistência Farmacêutica, permitindo que o usuário receba seus remédios em casa, sem precisar ir até a Farmácia de Pernambuco. Para participar, o usuário precisa já ter cadastro ativo no Componente Especializado da Assistência Farmacêutica (CEAF) [&hellip;]

Farmácia de Pernambuco
